omposite number?
False
Is 30376639 prime?
True
Is 31330043 a prime number?
True
Is 413097 prime?
False
Is 69979867 prime?
True
Is 2482703 composite?
False
Is 47464753 a prime number?
False
Is 1384081 a composite number?
True
Is 7286429 a composite number?
False
Is 9882947 a prime number?
True
Is 27024449 a composite number?
False
Is 501994697 a prime number?
True
Is 4695137 a composite number?
False
Is 36459623 composite?
True
Is 205691723 prime?
True
Is 490110553 prime?
True
Is 23065115 a composite number?
True
Is 21893951 prime?
False
Is 2221769 a prime number?
False
Is 56898466 a prime number?
False
Is 23032469 prime?
True
Is 10739681 a composite number?
False
Is 1660783 composite?
False
Is 524232131 a composite number?
False
Is 1605543 a composite number?
True
Is 57404771 a prime number?
True
Is 1631989 a prime number?
True
Is 1459529 prime?
False
Is 42707173 a prime number?
True
Is 232482863 prime?
False
Is 88949941 a prime number?
False
Is 2488249 a composite number?
True
Is 42150257 a composite number?
False
Is 98386897 a prime number?
False
Is 47487677 composite?
True
Is 16565513 composite?
True
Is 1781935 a prime number?
False
Is 15936023 a composite number?
False
Is 181224173 composite?
True
Is 543748813 composite?
False
Is 40977997 a composite number?
False
Is 1856573 a prime number?
False
Is 171158439 composite?
True
Is 82939 prime?
True
Is 1556311 composite?
True
Is 37648103 prime?
True
Is 527850409 a composite number?
False
Is 1418041 composite?
True
Is 5269841 a prime number?
True
Is 3722093 a composite number?
True
Is 9931021 a composite number?
True
Is 35236021 composite?
False
Is 8824267 prime?
False
Is 1471153 composite?
True
Is 6588011 a composite number?
False
Is 4575341 a composite number?
False
Is 779039 composite?
False
Is 21600227 prime?
False
Is 137453441 prime?
False
Is 635503 a composite number?
True
Is 15347837 composite?
True
Is 1204772279 a prime number?
True
Is 23450491 a composite number?
False
Is 32258717 prime?
True
Is 19885423 prime?
True
Is 3070541 a composite number?
False
Is 1326671 a prime number?
False
Is 7409599 a prime number?
True
Is 385139851 prime?
True
Is 65986147 a composite number?
True
Is 1736639 a composite number?
False
Is 5298269 a composite number?
False
Is 627197 a prime number?
True
Is 63082237 prime?
True
Is 141963509 composite?
False
Is 21043153 a composite number?
False
Is 16254311 prime?
True
Is 28904197 composite?
True
Is 103308137 a prime number?
False
Is 386501779 prime?
True
Is 48179321 prime?
True
Is 101019043 a prime number?
True
Is 42399271 prime?
False
Is 149459 a composite number?
False
Is 44356411 prime?
False
Is 8840749 a composite number?
False
Is 2270217 a prime number?
False
Is 1054487249 a composite number?
False
Is 1716922913 a composite number?
False
Is 2432443 a prime number?
False
Is 3668551 a composite number?
True
Is 961817 a composite number?
False
Is 816539 a composite number?
False
Is 16583221 composite?
True
Is 234709757 a prime number?
False
Is 28259107 composite?
True
Is 13515626 a composite number?
True
Is 35912815 a composite number?
True
Is 1394529 a composite number?
True
Is 397567 a prime number?
True
Is 264935339 composite?
False
Is 9854153 composite?
False
Is 1810153 a composite number?
False
Is 39779 a prime number?
True
Is 2741455 composite?
True
Is 3345161 prime?
True
Is 7963663 a composite number?
False
Is 6268703 a prime number?
False
Is 1553281 prime?
True
Is 1387697 a prime number?
False
Is 96641381 composite?
False
Is 846383 a prime number?
True
Is 1658819 prime?
False
Is 6038713 a prime number?
False
Is 56960269 prime?
False
Is 216430879 prime?
False
Is 87961001 a prime number?
False
Is 10807777 composite?
False
Is 703441 composite?
False
Is 10550803 a prime number?
False
Is 14488363 composite?
True
Is 585721771 prime?
True
Is 75542711 a composite number?
True
Is 2434879 prime?
True
Is 135316541 prime?
True
Is 564653 prime?
True
Is 93345821 prime?
True
Is 57460561 prime?
False
Is 7439371 composite?
False
Is 452771049 a composite number?
True
Is 8608217 prime?
True
Is 77875363 a composite number?
True
Is 3532234 composite?
True
Is 10609493 prime?
True
Is 1388153 composite?
True
Is 291640979 prime?
False
Is 38915411 a composite number?
False
Is 136203377 a prime number?
True
Is 9646597 a composite number?
False
Is 1026029 a prime number?
True
Is 24700939 a prime number?
True
Is 815467 composite?
True
Is 6719555 prime?
False
Is 3740689 composite?
False
Is 4455527 a composite number?
False
Is 91989229 prime?
False
Is 317921 prime?
True
Is 7257191 a composite number?
True
Is 11486989 prime?
True
Is 20648165 a prime number?
False
Is 42798443 a prime number?
True
Is 1139471 composite?
False
Is 31642649 a prime number?
True
Is 10311891 composite?
True
Is 4680697 prime?
False
Is 28784507 prime?
False
Is 6814991 composite?
False
Is 1080436317 composite?
True
Is 8719913 composite?
True
Is 2405929 prime?
True
Is 3002233 prime?
False
Is 88030643 a prime number?
False
Is 17863654 composite?
True
Is 26288209 a prime number?
True
Is 7956239 a composite number?
True
Is 3848717 a composite number?
False
Is 22382747 prime?
False
Is 26598751 a composite number?
False
Is 718753 a prime number?
False
Is 19212415 a composite number?
True
Is 30650797 a prime number?
False
Is 42195287 prime?
True
Is 211453129 composite?
True
Is 6010003 composite?
True
Is 382716679 a prime number?
False
Is 12431501 a composite number?
False
Is 218444617 prime?
False
Is 166717909 a prime number?
False
Is 55375627 composite?
True
Is 252125774 composite?
True
Is 647369 a composite number?
True
Is 276710117 a composite number?
True
Is 18095401 a prime number?
False
Is 35785231 prime?
False
Is 128289023 prime?
False
Is 138468553 composite?
True
Is 11250913 composite?
False
Is 208067359 composite?
True
Is 201595469 a prime number?
False
Is 9921379 a composite number?
True
Is 6893933 a composite number?
False
Is 40115569 a prime number?
False
Is 1654111 a prime number?
True
Is 45596927 composite?
True
Is 5557281 a prime number?
False
Is 40443743 prime?
True
Is 7244999 a prime number?
True
Is 5503259 prime?
True
Is 1196489 composite?
True
Is 17874977 composite?
False
Is 2635049 prime?
False
Is 8147553 a prime number?
False
Is 66875659 composite?
False
Is 2917219 a prime number?
True
Is 2018623 a prime number?
True
Is 99920879 a prime number?
False
Is 126017 composite?
True
Is 26213221 prime?
True
Is 116891557 a composite number?
False
Is 1245397 a composite number?
False
Is 429126589 composite?
False
Is 3818855 a composite number?
True
Is 659143781 composite?
False
Is 36444049 a prime number?
True
Is 15459641 composite?
True
Is 7308121 prime?
True
Is 9008539 composite?
True
Is 794453533 a composite number?
True
Is 52929794 a composite number?
True
Is 75955853 prime?
True
Is 22508203 prime?
True
Is 8629483 prime?
True
Is 897149 a composite number?
True
Is 3746299 a prime number?
True
Is 12868979 a composite number?
False
Is 7656079 a prime number?
False
Is 3236201 a composite number?
False
Is 2024135 a prime number?
False
Is 625533 a composite number?
True
Is 328641611 prime?
True
Is 9734227 a composite number?
True
Is 423180799 a prime number?
True
Is 311977 composite?
True
Is 3227743 composite?
False
Is 8804797 prime?
True
Is 76462 prime?
False
Is 12501163 composite?
True
Is 6811241 a composite number?
True
Is 4016665 a composite number?
True
Is 778153 prime?
True
Is 4350001 composite?
True
Is 26696011 prime?
True
Is 5043673 a composite number?
False
Is 14803643 composite?
False
Is 82278311 prime?
True
Is 50541877 a prime number?
False
Is 58831 a prime number?
True
Is 12815191 a prime number?
True
Is 53214211 composite?
True
Is 1249033 prime?
True
Is 233759 composite?
False
Is 60362501 composite?
False
Is 430418839 prime?
True
Is 1341359 prime?
True
Is 2831839 a prime number?
True
Is 1836167 a prime number?
False
Is 13534481 prime?
True
Is 28298521 a composite number?
True
Is 6739177 composite?
False
Is 19993039 prime?
False
Is 1862621 prime?
True
Is 3234193 prime?
True
Is 287768527 a prime number?
False
Is 7867297 a prime number?
False
Is 19092487 prime?
True
Is 15594487 a prime number?
True
Is 778819 a composite number?
False
Is 1561621 prime?
False
Is 2500151 composite?
False
Is 1150